5.
3, 5, 13, 2963
List the prime factors of 3528603.
3, 13, 1117
List the prime factors of 955709.
955709
List the prime factors of 423153.
3, 47017
What are the prime factors of 160627?
160627
List the prime factors of 188873.
67, 2819
List the prime factors of 19505188.
2, 17, 47, 359
What are the prime factors of 1186462?
2, 593231
List the prime factors of 17170509.
3, 19, 301237
List the prime factors of 861572.
2, 215393
List the prime factors of 299261.
299261
What are the prime factors of 129018?
2, 3, 21503
What are the prime factors of 2731269?
3, 19, 47917
What are the prime factors of 717727?
263, 2729
What are the prime factors of 1178425?
5, 47137
What are the prime factors of 7305654?
2, 3, 89, 13681
List the prime factors of 772469.
281, 2749
List the prime factors of 432763.
19, 22777
List the prime factors of 586271.
7, 61, 1373
What are the prime factors of 411303?
3, 71, 1931
List the prime factors of 17796950.
2, 5, 355939
List the prime factors of 1203787.
13, 17, 419
List the prime factors of 9685470.
2, 3, 5, 322849
List the prime factors of 4183282.
2, 47, 191, 233
List the prime factors of 2939747.
2939747
What are the prime factors of 670608?
2, 3, 4657
List the prime factors of 257731.
257731
List the prime factors of 2536517.
2536517
What are the prime factors of 3709983?
3, 1236661
List the prime factors of 644220.
2, 3, 5, 1193
List the prime factors of 1152224.
2, 36007
List the prime factors of 169210.
2, 5, 16921
What are the prime factors of 69279?
3, 7, 3299
What are the prime factors of 64665?
3, 5, 479
What are the prime factors of 3545291?
3545291
List the prime factors of 98123.
98123
List the prime factors of 151061.
29, 5209
What are the prime factors of 16211662?
2, 151, 53681
List the prime factors of 1066006.
2, 533003
What are the prime factors of 138793?
138793
What are the prime factors of 1096457?
43, 593
List the prime factors of 8678555.
5, 593, 2927
List the prime factors of 2433648.
2, 3, 7, 7243
List the prime factors of 2895935.
5, 7, 97, 853
What are the prime factors of 967178?
2, 461, 1049
What are the prime factors of 203804?
2, 50951
What are the prime factors of 237619?
237619
What are the prime factors of 179316?
2, 3, 17, 293
What are the prime factors of 1444424?
2, 71, 2543
List the prime factors of 497715.
3, 5, 33181
What are the prime factors of 171907?
103, 1669
List the prime factors of 4727040.
2, 3, 5, 1231
List the prime factors of 4227780.
2, 3, 5, 31, 2273
What are the prime factors of 7124135?
5, 23, 61949
What are the prime factors of 706254?
2, 3, 117709
List the prime factors of 5409211.
193, 28027
List the prime factors of 374572.
2, 11, 8513
What are the prime factors of 105785?
5, 21157
List the prime factors of 3256583.
11, 47, 6299
List the prime factors of 947913.
3, 107, 2953
What are the prime factors of 996262?
2, 37, 13463
List the prime factors of 610546.
2, 19, 16067
List the prime factors of 5137189.
59, 87071
What are the prime factors of 2328354?
2, 3, 7, 17, 1087
List the prime factors of 26885337.
3, 8961779
List the prime factors of 4823937.
3, 17, 41, 769
List the prime factors of 11742966.
2, 3, 241, 2707
List the prime factors of 853331.
37, 23063
List the prime factors of 2395435.
5, 7, 89, 769
What are the prime factors of 634747?
634747
List the prime factors of 781040.
2, 5, 13, 751
What are the prime factors of 6087952?
2, 13, 29269
List the prime factors of 8152181.
8152181
What are the prime factors of 1047185?
5, 19, 73, 151
List the prime factors of 10777081.
7, 1539583
List the prime factors of 146556.
2, 3, 23, 59
What are the prime factors of 15654623?
43, 151, 2411
List the prime factors of 151264.
2, 29, 163
What are the prime factors of 12247572?
2, 3, 1020631
List the prime factors of 14328504.
2, 3, 59, 3373
What are the prime factors of 5812852?
2, 557, 2609
What are the prime factors of 245073?
3, 151, 541
What are the prime factors of 825886?
2, 412943
What are the prime factors of 172454?
2, 23, 163
List the prime factors of 518888.
2, 37, 1753
What are the prime factors of 67978?
2, 41, 829
What are the prime factors of 6615349?
13, 83, 6131
List the prime factors of 2675247.
3, 891749
List the prime factors of 30143136.
2, 3, 313991
List the prime factors of 3473883.
3, 7, 67, 823
What are the prime factors of 7574917?
7, 281, 3851
What are the prime factors of 385390?
2, 5, 17, 2267
What are the prime factors of 468898?
2, 97, 2417
What are the prime factors of 2077011?
3, 230779
What are the prime factors of 2229963?
3, 743321
List the prime factors of 57593.
57593
What are the prime factors of 198661?
257, 773
What are the prime factors of 5350252?
2, 1337563
List the prime factors of 597046.
2, 137, 2179
List the prime factors of 1757492.
2, 11, 59, 677
What are the prime factors of 11189452?
2, 2797363
List the prime factors of 167080.
2, 5, 4177
What are the prime factors of 30465789?
3, 107, 887
List the prime factors of 1642140.
2, 3, 5, 3041
List the prime factors of 8689133.
8689133
List the prime factors of 66916.
2, 16729
List the prime factors of 400202.
2, 11, 18191
What are the prime factors of 316850?
2, 5, 6337
What are the prime factors of 21280736?
2, 17, 39119
What are the prime factors of 1686156?
2, 3, 227, 619
What are the prime factors of 171401?
171401
What are the prime factors of 19488180?
2, 3, 5, 379, 857
List the prime factors of 955557.
3, 47, 251
What are the prime factors of 1584100?
2, 5, 7, 31, 73
List the prime factors of 22060971.
3, 817073
What are the prime factors of 207099?
3, 23011
List the prime factors of 9985025.
5, 399401
List the prime factors of 10962066.
2, 3, 61, 491
What are the prime factors of 4219628?
2, 7, 37, 4073
List the prime factors of 41080669.
7, 577, 1453
What are the prime factors of 9033758?
2, 4516879
List the prime factors of 1656305.
5, 7, 37, 1279
List the prime factors of 193432.
2, 24179
List the prime factors of 5190709.
23, 225683
List the prime factors of 2084049.
3, 11, 2339
List the prime factors of 19327.
7, 11, 251
What are the prime factors of 279074?
2, 139537
What are the prime factors of 712326?
2, 3, 227, 523
List the prime factors of 472094.
2, 7, 33721
List the prime factors of 17171381.
17171381
What are the prime factors of 22897821?
3, 7632607
What are the prime factors of 567858?
2, 3, 31, 43, 71
What are the prime factors of 3277246?
2, 7, 234089
What are the prime factors of 8190358?
2, 11, 372289
List the prime factors of 5303.
5303
List the prime factors of 851452.
2, 7, 47, 647
List the prime factors of 225486.
2, 3, 12527
What are the prime factors of 2225984?
2, 34781
List the prime factors of 4089882.
2, 3, 681647
What are the prime factors of 27409274?
2, 1217, 11261
List the prime factors of 3349994.
2, 1674997
What are the prime factors of 240232?
2, 30029
What are the prime factors of 3772636?
2, 7, 67, 2011
List the prime factors of 2897021.
17, 170413
List the prime factors of 12077613.
3, 447319
What are the prime factors of 779700?
2, 3, 5, 23, 113
List the prime factors of 12272053.
839, 14627
What are the prime factors of 113709?
3, 29, 1307
What are the prime factors of 13423628?
2, 23, 53, 2753
List the prime factors of 9326194.
2, 271, 17207
What are the prime factors of 473282?
2, 236641
List the prime factors of 17931838.
2, 17, 527407
What are the prime factors of 267649?
267649
List the prime factors of 401093.
7, 11, 5209
List the prime factors of 902100.
2, 3, 5, 31, 97
List the prime factors of 514408.
2, 64301
What are the prime factors of 93288?
2, 3, 13, 23
List the prime factors of 836787.
3, 7, 39847
List the prime factors of 541646.
2, 7, 5527
What are the prime factors of 7403684?
2, 1109, 1669
List the prime factors of 12720811.
17, 748283
What are the prime factors of 133947?
3, 11, 41
What are the prime factors of 2163054?
2, 3, 360509
What are the prime factors of 32625?
3, 5, 29
What are the prime factors of 3329287?
13, 29, 8831
What are the prime factors of 109183?
41, 2663
List the prime factors of 3618778.
2, 19, 95231
List the prime factors of 22634216.
2, 11, 31, 8297
What are the prime factors of 341063?
341063
What are the prime factors of 1019288?
2, 103, 1237
List the prime factors